e 0*k - r = -5*a - k, 0 = 4*a - 4*k - 44. What are the prime factors of a?
7
Let o = -34 + 52. List the prime factors of o.
2, 3
Let p = 2 + -11. Let g = -10 - p. List the prime factors of ((-1)/g)/((-2)/(-20)).
2, 5
Let v = -228 - -414. List the prime factors of v.
2, 3, 31
Let g = -113 - -323. List the prime factors of g.
2, 3, 5, 7
Let s be 0 + 2/(-3)*-6. Suppose 28 - 1 = 5*c + 3*o, o = s*c - 25. Suppose 2*u + u = -k + 10, 0 = k + u - c. List the prime factors of k.
2
Suppose -2*b = -6, 2*f - 37 = 4*b + b. What are the prime factors of f?
2, 13
What are the prime factors of (-4 + 5)*(-2 - -70)?
2, 17
Suppose 11*n = 14*n - 135. List the prime factors of n.
3, 5
Suppose 11*l - 86 = 90. List the prime factors of l.
2
Suppose 9*g = 3*g + 12. List the prime factors of g.
2
Let p(f) = f**2 - 8*f + 6. Let j be p(5). What are the prime factors of 30/j*3/(-2)?
5
Suppose -r + y + 125 = 0, y = -0*r + 3*r - 385. What are the prime factors of r?
2, 5, 13
Let m(p) = 15*p**2 + p. Suppose 0 = 3*l + 2*k + 11, -2*l - 2*k = 2 + 8. What are the prime factors of m(l)?
2, 7
Let q = -13 + 16. Suppose -q*m = -h - 30, -m + 12 = -4*h + 2. List the prime factors of m.
2, 5
Suppose 0 = 2*g + 4*c - 41 - 71, -265 = -5*g - 5*c. List the prime factors of g.
2, 5
Let b be 5 - 2/1 - 2. Suppose 2*n - 15 - b = 0. Suppose 2*k - 4*k + n = v, v = k - 10. List the prime factors of k.
2, 3
Let u(z) = z**2 - 2*z - 10. What are the prime factors of u(5)?
5
Let g(m) = 3*m + 1. Let w be g(-6). List the prime factors of (3 - w) + (2 - 0).
2, 11
Let d be 2*(-2)/4 - -5. Let l be d/6 + (-22)/6. List the prime factors of ((1 - -29)/l)/(-2).
5
Let u(z) = -z**2 - 8*z. Let i be 7/(-3)*(-3)/(-1). List the prime factors of u(i).
7
Let o = 7 + 2. Suppose -g = -3*v + o, 2*v + 8 = 5*g + 1. What are the prime factors of (78/(-9))/((-2)/g)?
13
Let v be -1 + 1 + (1 - 1). Let f be v*((-3)/(-2))/(-3). List the prime factors of (-3 - -4) + (10 - f).
11
Suppose 4*m + 4*o + 108 = -0*o, -5*m + o = 123. Let r be (-92)/6 + 2/6. Let b = r - m. What are the prime factors of b?
2, 5
Let y = 0 - -1. Let c be (-1 - 14)/1 - (-11 + 11). Let r = y - c. List the prime factors of r.
2
Let l(y) = 3*y**2 - 2*y - 2*y - 1 + 4*y + y. List the prime factors of l(2).
13
Let t = -1 - -17. What are the prime factors of t?
2
Let l(h) = h**2 - 3*h + 2. Let q be l(3). Suppose 4 + q = 2*x + 4*w, -3*x - w + 9 = 0. What are the prime factors of x?
3
Suppose -38 = u + 5*d - 177, -d = -3. List the prime factors of u.
2, 31
Suppose -5*a = -2*a - 9. Suppose 0 = 2*z + a*z + 4*d - 104, -62 = -3*z - 2*d. List the prime factors of z.
2, 5
Suppose -5*g = -4*q + 51, -5*q + 3*q = -2*g - 26. Let v = 29 + -27. Suppose -m = 3*d - 19 + 6, -v*d + 2*m + q = 0. What are the prime factors of d?
5
Let m be (1/(-2))/(6/24). What are the prime factors of (-2)/((-32)/14 - m)?
7
Let j be 0 + (-6)/3 + 2. Suppose j = -0*n + 2*n - 8. Suppose 0 = 3*y + k - 3, 3*y + 0*y - 18 = n*k. What are the prime factors of y?
2
Let m = -69 - -119. List the prime factors of m.
2, 5
Let v(k) be the first derivative of 2*k**3/3 + 2*k + 6. List the prime factors of v(-2).
2, 5
Let w be (-1 - -1) + 4/2. Suppose w*z = -2*z + 12. Suppose u = -0*u + z. List the prime factors of u.
3
What are the prime factors of (45/25 + -1)/((-4)/(-230))?
2, 23
Let s(c) = 0 + 6 + 0*c**2 - 2*c - c**2 - 3*c. What are the prime factors of s(-5)?
2, 3
Suppose 10*j = 5*j + 200. What are the prime factors of j?
2, 5
Suppose 283 = -k + 4*k + 2*a, 2*k - 189 = -a. List the prime factors of k.
5, 19
Suppose 0 = -4*r + 6*r - 258. What are the prime factors of r?
3, 43
Let h be ((-15)/10)/(2/12). List the prime factors of (h + -2)/((-3)/6).
2, 11
Let w(f) = f**2 + f + 37. List the prime factors of w(0).
37
Suppose -3*f + 117 - 33 = 0. Suppose 0 = -2*p + 4*h + f, 2*p = -2*p - 3*h + 34. What are the prime factors of p?
2, 5
Let m(j) = 21*j + 17. List the prime factors of m(9).
2, 103
List the prime factors of 6/9 + (121/3 - 4).
37
Suppose 3*u + n + 2 + 4 = 0, 3*u + 24 = 5*n. List the prime factors of u/(1 + 9/(-6)).
2, 3
What are the prime factors of 426/15 + (-2)/5?
2, 7
Let f be ((-6)/(-4))/((-1)/(-2)). Suppose 0 = b - f + 5. List the prime factors of (0 - (0 - -1))*b.
2
Suppose 3*v + 2*d = 1, -3*v = d - 1 - 1. Let p = 20 + v. List the prime factors of p.
3, 7
Let f = -25 + 25. List the prime factors of f - -25 - (-8 + 5).
2, 7
Suppose 23*v - 20*v = 84. List the prime factors of v.
2, 7
Let u = 5 - -2. Suppose -5*v - 20 = -2*k + u*k, -v + 20 = -3*k. What are the prime factors of 1 - (k - (0 - -2))?
3
Let t(z) = 10*z**2 - z + 1. Let y be t(1). Suppose r = 5*o - 79, 5*o - 5*r = -y*r + 55. What are the prime factors of o?
3, 5
Suppose 4*t = -o - 5 + 32, 0 = 5*o + 5*t - 135. Suppose 0*l = -l - o. Let d = 38 + l. List the prime factors of d.
11
Suppose 0 = 2*a - 5*a - 4*k - 1, 2*a - 2 = -2*k. Let d = -11 + a. Let x(s) = -3*s - 6. What are the prime factors of x(d)?
2, 3
Suppose -11 = -v - 4*v - 4*q, 5*q + 2 = -v. List the prime factors of v.
3
What are the prime factors of 57/4 + (-2)/8?
2, 7
Let u = -3 + 6. Suppose 4*h - 8 = u*h. Suppose 2*b - 20 = 4*a, -b - 4*a = -2*b + h. List the prime factors of b.
2, 3
Suppose 3*r - 6 + 0 = 0. Let m(y) = 23*y**2 - y + 2. Let b be m(r). Suppose -8 = -3*c - 20, 5*c = 4*l - b. What are the prime factors of l?
2, 3
Let s = 7 + -5. List the prime factors of 3 - (0 + s + -2).
3
Let p(f) = -10*f + 1. Let l = 1 - 2. List the prime factors of p(l).
11
Let b = 22 - -34. Suppose b = 5*v + 16. Let a = v + -1. What are the prime factors of a?
7
Let m = 1 - 0. Let r = m + 7. What are the prime factors of r?
2
Let d(b) = -b**2 - 15*b - 17. What are the prime factors of d(-13)?
3
Suppose 6*d = -48 + 300. List the prime factors of 6/21 + 2298/d.
5, 11
Suppose -3*q = 4*g + 8, 1 + 5 = -3*g + 2*q. List the prime factors of 1 + g + 47 + 3.
7
Let d(f) be the first derivative of 2*f + 1 - 5/2*f**2. What are the prime factors of d(-2)?
2, 3
Let u be -1 - -3 - 3/(-3). Suppose 0*g + g - u = 0. Let n = g - -3. List the prime factors of n.
2, 3
Suppose 3*n = -u - 3, n = -2*u + 10 - 1. Suppose -3*c - 5*f + 1 = -39, -c + 2*f + u = 0. What are the prime factors of c?
2, 5
Let n(w) be the third derivative of -w**4/24 + w**3/6 - 2*w**2. Suppose 0*f - 24 = 3*f. List the prime factors of n(f).
3
Let k(y) = -5*y - 1. Let n be k(-7). Let t be 4/(1/((-3)/(-2))). List the prime factors of n/3*t/4.
17
Suppose -3*q - 2*q - 4*a + 12 = 0, 0 = q - 5*a - 14. Let g = 1 + -1. Suppose -k = 2*m - 17, -m + g = q*k + 2. What are the prime factors of m?
2, 5
Let z = 6 - 3. Suppose -2*n - 1 = -11. Suppose 0*y = 4*y + 4*i - 48, 0 = z*y - n*i - 20. List the prime factors of y.
2, 5
Suppose 4*z + z = -80. Let v = z - -27. List the prime factors of v.
11
Suppose -y + 5*y = -12. What are the prime factors of 0 - -8 - y/1?
11
Let v = 173 + -37. List the prime factors of v.
2, 17
Suppose 5*n + 10 = -10. Let x = n - -9. Suppose 5*b - 94 = -0*m - 4*m, -2*b = x*m - 24. List the prime factors of b.
2, 11
Let t(w) = 5*w + 2. Let c be t(5). What are the prime factors of (c - 1) + (8 - 7)?
3
Suppose k + 3 = -3. Let a be (-6)/3 - k/3. Suppose a = -4*t - 12, 0 = w + 3*t - 0 + 6. What are the prime factors of w?
3
Let c = -1 - -6. Suppose -c*h - 5 = 0, 8*h - 3*h + 30 = z. List the prime factors of z.
5
Suppose 4*y - 2*y = 14. Let g = -2 + y. List the prime factors of g.
5
Suppose 2*j - 6 + 3 = -5*g, 4*g + 16 = 3*j. Let l = 3 - 1. What are the prime factors of 9/2 - g/l?
5
Let k(q) be the second derivative of q**3/6 + 3*q**2/2 + 3*q. Let z be k(-3). Suppose 0*o + 23 = o - 2*f, 2*o - 2*f - 42 = z. List the prime factors of o.
19
Suppose -4*p + 52 + 8 = 0. What are the prime factors of p?
3, 5
Let l = -26 - -79. What are the prime factors of l?
53
Let q(x) = -x**2 - 9*x + 10. Let a be q(-8). Let p = 1 + a. List the prime factors of p.
19
Let w be 7 - (2 + (-5 - 0)). What are the prime factors of w/(-25) - (-234)/10?
23
Suppose -j + 10 - 5 = 0. Suppose j*r + 27 - 111 = 3*i, 28 = 2*r - 4*i. List the prime factors of r.
2, 3
Let h = -38 + 94. List the prime factors of h.
2, 7
Let b be (-27)/(-2)*(3 + 3). List the prime factors of 18/b + (-194)/(-18).
11
Suppose 0 = -4*s + 16, -4*v + s + 111 = -17. What are the prime factors of v?
3, 11
Let p(l